{"id":959,"date":"2026-02-18T15:26:45","date_gmt":"2026-02-18T20:26:45","guid":{"rendered":"https:\/\/store.simerelectronics.com\/?post_type=product&#038;p=959"},"modified":"2026-02-18T15:26:57","modified_gmt":"2026-02-18T20:26:57","slug":"escaner-de-codigo-de-barras-laser","status":"publish","type":"product","link":"https:\/\/store.simerelectronics.com\/index.php\/producto\/escaner-de-codigo-de-barras-laser\/","title":{"rendered":"Esc\u00e1ner de c\u00f3digo de barras l\u00e1ser"},"content":{"rendered":"<table width=\"577\">\n<tbody>\n<tr>\n<td colspan=\"5\" width=\"259\">Conexi\u00f3n<\/td>\n<td colspan=\"4\" width=\"318\">2 en 1: conexi\u00f3n de cable inal\u00e1mbrico y USB de 2,4 GHz.<\/td>\n<\/tr>\n<tr>\n<td colspan=\"5\" width=\"259\">Funcionamiento<\/td>\n<td colspan=\"4\" width=\"318\">el esc\u00e1ner de c\u00f3digo de barras inal\u00e1mbrico\u00a0 incorpora una memoria de 256 KB, m\u00e1s de 2600 c\u00f3digos, lectura sin conexi\u00f3n<\/td>\n<\/tr>\n<tr>\n<td colspan=\"5\">Bateria<\/td>\n<td colspan=\"4\" width=\"318\">Bater\u00eda de iones de litio de 1800mAh incorporada, adem\u00e1s de la tecnolog\u00eda de bajo consumo de energ\u00eda de la CPU m\u00e1s avanzada significa un escaneo continuo de hasta 100, 000 veces con una carga completa<\/td>\n<\/tr>\n<tr>\n<td colspan=\"5\">A\u00f1adir prefijos\/sufijos:<\/td>\n<td colspan=\"4\" width=\"318\">A\u00f1adir prefijos\/sufijos, eliminar caracteres.<br \/>\nAgregue las teclas del teclado (TAB, CR y LF, etc.) a la operaci\u00f3n de escaneo.<br \/>\nHabilitar o deshabilitar el tipo de c\u00f3digo de barras<br \/>\nEncienda\/apague el timbre.<\/td>\n<\/tr>\n<tr>\n<td colspan=\"5\">Simbologia<\/td>\n<td colspan=\"4\" width=\"318\">Este esc\u00e1ner de c\u00f3digo de barras l\u00e1ser, puede leer la mayor\u00eda de los c\u00f3digos de barras 1D como el c\u00f3digo 11, c\u00f3digo 93, MSI, c\u00f3digo 128, UCC\/, c\u00f3digo 39, 1, 2, 2, 2, 2, 3, ISBN, 1, 1, 2, 2, 1, 2, 1, 1, 1, 2, 2, industrial 25, Intercalado 25, Est\u00e1ndar 25, Matriz 2\/5. Resoluci\u00f3n 5mil<\/td>\n<\/tr>\n<tr>\n<td colspan=\"5\">Sistemas compatibles:<\/td>\n<td colspan=\"4\" width=\"318\">Windows, MAC OS; funciona con Quickbook, Word, Excel, Novell y todo el software com\u00fan<\/td>\n<\/tr>\n<\/tbody>\n<\/table>\n","protected":false},"excerpt":{"rendered":"<p>Conexi\u00f3n 2 en 1: conexi\u00f3n de cable inal\u00e1mbrico y USB de 2,4 GHz. Funcionamiento el esc\u00e1ner de c\u00f3digo de barras inal\u00e1mbrico\u00a0 incorpora una memoria de 256 KB, m\u00e1s de 2600 c\u00f3digos, lectura sin conexi\u00f3n Bateria Bater\u00eda de iones de litio de 1800mAh incorporada, adem\u00e1s de la tecnolog\u00eda de bajo consumo de energ\u00eda de la CPU [&hellip;]<\/p>\n","protected":false},"featured_media":961,"comment_status":"open","ping_status":"closed","template":"","meta":[],"product_brand":[],"product_cat":[51,49,62],"product_tag":[63,64],"class_list":{"0":"post-959","1":"product","2":"type-product","3":"status-publish","4":"has-post-thumbnail","6":"product_cat-control","7":"product_cat-electronica","8":"product_cat-lector","9":"product_tag-escaner","10":"product_tag-lector","12":"first","13":"instock","14":"taxable","15":"shipping-taxable","16":"purchasable","17":"product-type-simple"},"_links":{"self":[{"href":"https:\/\/store.simerelectronics.com\/index.php\/wp-json\/wp\/v2\/product\/959","targetHints":{"allow":["GET"]}}],"collection":[{"href":"https:\/\/store.simerelectronics.com\/index.php\/wp-json\/wp\/v2\/product"}],"about":[{"href":"https:\/\/store.simerelectronics.com\/index.php\/wp-json\/wp\/v2\/types\/product"}],"replies":[{"embeddable":true,"href":"https:\/\/store.simerelectronics.com\/index.php\/wp-json\/wp\/v2\/comments?post=959"}],"wp:featuredmedia":[{"embeddable":true,"href":"https:\/\/store.simerelectronics.com\/index.php\/wp-json\/wp\/v2\/media\/961"}],"wp:attachment":[{"href":"https:\/\/store.simerelectronics.com\/index.php\/wp-json\/wp\/v2\/media?parent=959"}],"wp:term":[{"taxonomy":"product_brand","embeddable":true,"href":"https:\/\/store.simerelectronics.com\/index.php\/wp-json\/wp\/v2\/product_brand?post=959"},{"taxonomy":"product_cat","embeddable":true,"href":"https:\/\/store.simerelectronics.com\/index.php\/wp-json\/wp\/v2\/product_cat?post=959"},{"taxonomy":"product_tag","embeddable":true,"href":"https:\/\/store.simerelectronics.com\/index.php\/wp-json\/wp\/v2\/product_tag?post=959"}],"curies":[{"name":"wp","href":"https:\/\/api.w.org\/{rel}","templated":true}]}}